ainder when 80 is divided by 18?
8
Calculate the remainder when 225 is divided by 36.
9
Calculate the remainder when 213 is divided by 54.
51
What is the remainder when 9111 is divided by 49?
46
Calculate the remainder when 1111 is divided by 182.
19
Calculate the remainder when 168 is divided by 13.
12
Calculate the remainder when 1054 is divided by 212.
206
Calculate the remainder when 349 is divided by 115.
4
What is the remainder when 3783 is divided by 32?
7
What is the remainder when 80 is divided by 12?
8
Calculate the remainder when 98493 is divided by 19.
16
Calculate the remainder when 2035 is divided by 41.
26
Calculate the remainder when 106 is divided by 49.
8
What is the remainder when 116 is divided by 39?
38
What is the remainder when 380 is divided by 10?
0
What is the remainder when 338 is divided by 57?
53
What is the remainder when 185 is divided by 21?
17
Calculate the remainder when 28 is divided by 22.
6
Calculate the remainder when 7582 is divided by 217.
204
What is the remainder when 206 is divided by 43?
34
Calculate the remainder when 164 is divided by 163.
1
Calculate the remainder when 277 is divided by 16.
5
What is the remainder when 97 is divided by 17?
12
Calculate the remainder when 130 is divided by 45.
40
What is the remainder when 1972 is divided by 33?
25
What is the remainder when 318 is divided by 3?
0
Calculate the remainder when 459 is divided by 174.
111
What is the remainder when 134 is divided by 27?
26
What is the remainder when 1301 is divided by 31?
30
Calculate the remainder when 87 is divided by 27.
6
What is the remainder when 5966 is divided by 153?
152
What is the remainder when 471 is divided by 227?
17
What is the remainder when 781 is divided by 158?
149
Calculate the remainder when 311 is divided by 79.
74
Calculate the remainder when 269 is divided by 200.
69
What is the remainder when 868 is divided by 214?
12
What is the remainder when 283 is divided by 61?
39
What is the remainder when 758 is divided by 239?
41
What is the remainder when 2995 is divided by 9?
7
Calculate the remainder when 1636 is divided by 322.
26
What is the remainder when 145 is divided by 15?
10
Calculate the remainder when 735 is divided by 23.
22
Calculate the remainder when 59 is divided by 14.
3
What is the remainder when 45 is divided by 27?
18
What is the remainder when 276 is divided by 73?
57
Calculate the remainder when 277 is divided by 71.
64
What is the remainder when 495 is divided by 247?
1
Calculate the remainder when 97 is divided by 64.
33
Calculate the remainder when 448 is divided by 25.
23
Calculate the remainder when 69 is divided by 4.
1
What is the remainder when 675 is divided by 337?
1
Calculate the remainder when 5846 is divided by 266.
260
What is the remainder when 1380 is divided by 447?
39
What is the remainder when 375 is divided by 90?
15
Calculate the remainder when 286 is divided by 17.
14
Calculate the remainder when 381 is divided by 187.
7
What is the remainder when 1373 is divided by 46?
39
Calculate the remainder when 140 is divided by 125.
15
What is the remainder when 35 is divided by 22?
13
Calculate the remainder when 406 is divided by 99.
10
Calculate the remainder when 847 is divided by 218.
193
What is the remainder when 1752 is divided by 870?
12
Calculate the remainder when 585 is divided by 32.
9
Calculate the remainder when 1595 is divided by 61.
9
Calculate the remainder when 2472 is divided by 492.
12
What is the remainder when 177 is divided by 92?
85
Calculate the remainder when 251 is divided by 49.
6
Calculate the remainder when 227 is divided by 18.
11
What is the remainder when 7829 is divided by 10?
9
What is the remainder when 52 is divided by 15?
7
Calculate the remainder when 3672 is divided by 43.
17
What is the remainder when 272 is divided by 91?
90
What is the remainder when 1701 is divided by 490?
231
Calculate the remainder when 1824 is divided by 226.
16
What is the remainder when 590 is divided by 141?
26
What is the remainder when 756 is divided by 157?
128
What is the remainder when 643 is divided by 239?
165
Calculate the remainder when 286 is divided by 94.
4
Calculate the remainder when 1143 is divided by 11.
10
Calculate the remainder when 37799 is divided by 15.
14
Calculate the remainder when 109 is divided by 36.
1
Calculate the remainder when 115 is divided by 49.
17
Calculate the remainder when 33 is divided by 18.
15
What is the remainder when 687 is divided by 226?
9
What is the remainder when 10469 is divided by 154?
151
What is the remainder when 356 is divided by 11?
4
What is the remainder when 1542 is divided by 97?
87
Calculate the remainder when 575 is divided by 12.
11
Calculate the remainder when 70 is divided by 30.
10
What is the remainder when 596 is divided by 25?
21
Calculate the remainder when 11734 is divided by 3903.
25
Calculate the remainder when 49 is divided by 36.
13
What is the remainder when 2042 is divided by 90?
62
Calculate the remainder when 353 is divided by 341.
12
Calculate the remainder when 179 is divided by 136.
43
Calculate the remainder when 9927 is divided by 2.
1
What is the remainder when 1007 is divided by 28?
27
Calculate the remainder when 388 is divided by 43.
1
What is the remainder when 278 is divided by 17?
6
Calculate the remainder when 91 is divided by 30.
1
Calculate the remainder when 576 is divided by 17.
15
What is the remainder when 31 is divided by 21?
10
What is the remainder when 447 is divided by 30?
27
What is the remainder when 171 is divided by 69?
33
What is the remainder when 76 is divided by 29?
18
What is the remainder when 2301 is divided by 178?
165
What is the remainder when 6025 is divided by 41?
39
Calculate the remainder when 22 is divided by 6.
4
Calculate the remainder when 64 is divided by 49.
15
What is the remainder when 22 is divided by 14?
8
What is the remainder when 67 is divided by 36?
31
Calculate the remainder when 150 is divided by 55.
40
Calculate the remainder when 20 is divided by 12.
8
Calculate the remainder when 383 is divided by 179.
25
Calculate the remainder when 1819 is divided by 32.
27
What is the remainder when 2076 is divided by 7?
4
Calculate the remainder when 4215 is divided by 248.
247
What is the remainder when 674 is divided by 40?
34
Calculate the remainder when 228 is divided by 29.
25
What is the remainder when 1719 is divided by 139?
51
What is the remainder when 128 is divided by 37?
17
What is the remainder when 8037 is divided by 40?
37
What is the remainder when 1357 is divided by 80?
77
What is the remainder when 537 is divided by 30?
27
What is the remainder when 198 is divided by 68?
62
What is the remainder when 450 is divided by 189?
72
Calculate the remainder when 293 is divided by 59.
57
What is the remainder when 203 is divided by 19?
13
What is the remainder when 242 is divided by 28?
18
What is the remainder when 9520 is divided by 207?
205
Calculate the remainder when 7663 is divided by 73.
71
Calculate the remainder when 1874 is divided by 19.
12
What is the remainder when 858 is divided by 62?
52
What is the remainder when 2419 is divided by 344?
11
What is the remainder when 6173 is divided by 65?
63
What is the remainder when 3705 is divided by 18?
15
What is the remainder when 211 is divided by 15?
1
What is the remainder when 210 is divided by 14?
0
What is the remainder when 7720 is divided by 26?
24
Calculate the remainder when 438 is divided by 86.
8
Calculate the remainder when 9133 is divided by 15.
13
Calculate the remainder when 46 is divided by 25.
21
What is the remainder when 634 is divided by 27?
13
What is the remainder when 7543 is divided by 17?
12
Calculate the remainder when 165 is divided by 77.
11
What is the remainder when 371 is divided by 11?
8
Calculate the remainder when 70 is divided by 33.
4
What is the remainder when 297 is divided by 35?
17
Calculate the remainder when 2027 is divided by 663.
38
What is the remainder when 10748 is divided by 128?
124
What is the remainder when 470 is divided by 28?
22
What is the remainder when 42 is divided by 8?
2
Calculate the remainder when 96 is divided by 25.
21
Calculate the remainder when 1399 is divided by 52.
47
Calculate the rem